{"id":224842,"date":"2026-02-19T11:53:16","date_gmt":"2026-02-19T10:53:16","guid":{"rendered":"https:\/\/frederiksborg.dk\/?post_type=tc_events&#038;p=224842"},"modified":"2026-02-19T11:53:16","modified_gmt":"2026-02-19T10:53:16","slug":"udstillingsaabning-for-aarskortholdere-gobelin-i-traad-med-tiden","status":"publish","type":"tc_events","link":"https:\/\/frederiksborg.dk\/en\/tc-events\/udstillingsaabning-for-aarskortholdere-gobelin-i-traad-med-tiden\/","title":{"rendered":"Udstillings\u00e5bning for \u00e5rskortholdere &#8211; Gobelin &#8211; I tr\u00e5d med tiden"},"content":{"rendered":"","protected":false},"featured_media":0,"template":"","event_category":[369],"class_list":["post-224842","tc_events","type-tc_events","status-publish","hentry","event_category-aarskortholder"],"acf":[],"yoast_head":"<!-- This site is optimized with the Yoast SEO plugin v27.3 - https:\/\/yoast.com\/product\/yoast-seo-wordpress\/ -->\n<title>Udstillings\u00e5bning for \u00e5rskortholdere - Gobelin - I tr\u00e5d med tiden - Frederiksborg<\/title>\n<meta name=\"robots\" content=\"index, follow, max-snippet:-1, max-image-preview:large, max-video-preview:-1\" \/>\n<link rel=\"canonical\" href=\"https:\/\/frederiksborg.dk\/tc-events\/udstillingsaabning-for-aarskortholdere-gobelin-i-traad-med-tiden\/\" \/>\n<meta property=\"og:locale\" content=\"en_US\" \/>\n<meta property=\"og:type\" content=\"article\" \/>\n<meta property=\"og:title\" content=\"Udstillings\u00e5bning for \u00e5rskortholdere - Gobelin - I tr\u00e5d med tiden - Frederiksborg\" \/>\n<meta property=\"og:url\" content=\"https:\/\/frederiksborg.dk\/tc-events\/udstillingsaabning-for-aarskortholdere-gobelin-i-traad-med-tiden\/\" \/>\n<meta property=\"og:site_name\" content=\"Frederiksborg\" \/>\n<meta name=\"twitter:card\" content=\"summary_large_image\" \/>\n<script type=\"application\/ld+json\" class=\"yoast-schema-graph\">{\"@context\":\"https:\\\/\\\/schema.org\",\"@graph\":[{\"@type\":\"WebPage\",\"@id\":\"https:\\\/\\\/frederiksborg.dk\\\/tc-events\\\/udstillingsaabning-for-aarskortholdere-gobelin-i-traad-med-tiden\\\/\",\"url\":\"https:\\\/\\\/frederiksborg.dk\\\/tc-events\\\/udstillingsaabning-for-aarskortholdere-gobelin-i-traad-med-tiden\\\/\",\"name\":\"Udstillings\u00e5bning for \u00e5rskortholdere - Gobelin - I tr\u00e5d med tiden - Frederiksborg\",\"isPartOf\":{\"@id\":\"https:\\\/\\\/frederiksborg.dk\\\/#website\"},\"datePublished\":\"2026-02-19T10:53:16+00:00\",\"breadcrumb\":{\"@id\":\"https:\\\/\\\/frederiksborg.dk\\\/tc-events\\\/udstillingsaabning-for-aarskortholdere-gobelin-i-traad-med-tiden\\\/#breadcrumb\"},\"inLanguage\":\"en-US\",\"potentialAction\":[{\"@type\":\"ReadAction\",\"target\":[\"https:\\\/\\\/frederiksborg.dk\\\/tc-events\\\/udstillingsaabning-for-aarskortholdere-gobelin-i-traad-med-tiden\\\/\"]}]},{\"@type\":\"BreadcrumbList\",\"@id\":\"https:\\\/\\\/frederiksborg.dk\\\/tc-events\\\/udstillingsaabning-for-aarskortholdere-gobelin-i-traad-med-tiden\\\/#breadcrumb\",\"itemListElement\":[{\"@type\":\"ListItem\",\"position\":1,\"name\":\"Hjem\",\"item\":\"https:\\\/\\\/frederiksborg.dk\\\/en\\\/\"},{\"@type\":\"ListItem\",\"position\":2,\"name\":\"Events\",\"item\":\"https:\\\/\\\/frederiksborg.dk\\\/tc-events\\\/\"},{\"@type\":\"ListItem\",\"position\":3,\"name\":\"Udstillings\u00e5bning for \u00e5rskortholdere &#8211; Gobelin &#8211; I tr\u00e5d med tiden\"}]},{\"@type\":\"WebSite\",\"@id\":\"https:\\\/\\\/frederiksborg.dk\\\/#website\",\"url\":\"https:\\\/\\\/frederiksborg.dk\\\/\",\"name\":\"Frederiksborg\",\"description\":\"Frederiksborg \u2219 Nationalhistorisk Museum\",\"potentialAction\":[{\"@type\":\"SearchAction\",\"target\":{\"@type\":\"EntryPoint\",\"urlTemplate\":\"https:\\\/\\\/frederiksborg.dk\\\/?s={search_term_string}\"},\"query-input\":{\"@type\":\"PropertyValueSpecification\",\"valueRequired\":true,\"valueName\":\"search_term_string\"}}],\"inLanguage\":\"en-US\"}]}<\/script>\n<!-- \/ Yoast SEO plugin. -->","yoast_head_json":{"title":"Udstillings\u00e5bning for \u00e5rskortholdere - Gobelin - I tr\u00e5d med tiden - Frederiksborg","robots":{"index":"index","follow":"follow","max-snippet":"max-snippet:-1","max-image-preview":"max-image-preview:large","max-video-preview":"max-video-preview:-1"},"canonical":"https:\/\/frederiksborg.dk\/tc-events\/udstillingsaabning-for-aarskortholdere-gobelin-i-traad-med-tiden\/","og_locale":"en_US","og_type":"article","og_title":"Udstillings\u00e5bning for \u00e5rskortholdere - Gobelin - I tr\u00e5d med tiden - Frederiksborg","og_url":"https:\/\/frederiksborg.dk\/tc-events\/udstillingsaabning-for-aarskortholdere-gobelin-i-traad-med-tiden\/","og_site_name":"Frederiksborg","twitter_card":"summary_large_image","schema":{"@context":"https:\/\/schema.org","@graph":[{"@type":"WebPage","@id":"https:\/\/frederiksborg.dk\/tc-events\/udstillingsaabning-for-aarskortholdere-gobelin-i-traad-med-tiden\/","url":"https:\/\/frederiksborg.dk\/tc-events\/udstillingsaabning-for-aarskortholdere-gobelin-i-traad-med-tiden\/","name":"Udstillings\u00e5bning for \u00e5rskortholdere - Gobelin - I tr\u00e5d med tiden - Frederiksborg","isPartOf":{"@id":"https:\/\/frederiksborg.dk\/#website"},"datePublished":"2026-02-19T10:53:16+00:00","breadcrumb":{"@id":"https:\/\/frederiksborg.dk\/tc-events\/udstillingsaabning-for-aarskortholdere-gobelin-i-traad-med-tiden\/#breadcrumb"},"inLanguage":"en-US","potentialAction":[{"@type":"ReadAction","target":["https:\/\/frederiksborg.dk\/tc-events\/udstillingsaabning-for-aarskortholdere-gobelin-i-traad-med-tiden\/"]}]},{"@type":"BreadcrumbList","@id":"https:\/\/frederiksborg.dk\/tc-events\/udstillingsaabning-for-aarskortholdere-gobelin-i-traad-med-tiden\/#breadcrumb","itemListElement":[{"@type":"ListItem","position":1,"name":"Hjem","item":"https:\/\/frederiksborg.dk\/en\/"},{"@type":"ListItem","position":2,"name":"Events","item":"https:\/\/frederiksborg.dk\/tc-events\/"},{"@type":"ListItem","position":3,"name":"Udstillings\u00e5bning for \u00e5rskortholdere &#8211; Gobelin &#8211; I tr\u00e5d med tiden"}]},{"@type":"WebSite","@id":"https:\/\/frederiksborg.dk\/#website","url":"https:\/\/frederiksborg.dk\/","name":"Frederiksborg","description":"Frederiksborg \u2219 Nationalhistorisk Museum","potentialAction":[{"@type":"SearchAction","target":{"@type":"EntryPoint","urlTemplate":"https:\/\/frederiksborg.dk\/?s={search_term_string}"},"query-input":{"@type":"PropertyValueSpecification","valueRequired":true,"valueName":"search_term_string"}}],"inLanguage":"en-US"}]}},"_links":{"self":[{"href":"https:\/\/frederiksborg.dk\/en\/wp-json\/wp\/v2\/tc_events\/224842","targetHints":{"allow":["GET"]}}],"collection":[{"href":"https:\/\/frederiksborg.dk\/en\/wp-json\/wp\/v2\/tc_events"}],"about":[{"href":"https:\/\/frederiksborg.dk\/en\/wp-json\/wp\/v2\/types\/tc_events"}],"wp:attachment":[{"href":"https:\/\/frederiksborg.dk\/en\/wp-json\/wp\/v2\/media?parent=224842"}],"wp:term":[{"taxonomy":"event_category","embeddable":true,"href":"https:\/\/frederiksborg.dk\/en\/wp-json\/wp\/v2\/event_category?post=224842"}],"curies":[{"name":"wp","href":"https:\/\/api.w.org\/{rel}","templated":true}]}}

Udstillingsåbning for årskortholdere &#8211; Gobelin &#8211; I tråd med tiden

<!-- This site is optimized with the Yoast SEO plugin v27.3 - https://yoast.com/product/yoast-seo-wordpress/ -->
<title>Udstillingsåbning for årskortholdere - Gobelin - I tråd med tiden - Frederiksborg</title>
<meta name="robots" content="index, follow, max-snippet:-1, max-image-preview:large, max-video-preview:-1" />
<link rel="canonical" href="https://frederiksborg.dk/tc-events/udstillingsaabning-for-aarskortholdere-gobelin-i-traad-med-tiden/" />
<meta property="og:locale" content="en_US" />
<meta property="og:type" content="article" />
<meta property="og:title" content="Udstillingsåbning for årskortholdere - Gobelin - I tråd med tiden - Frederiksborg" />
<meta property="og:url" content="https://frederiksborg.dk/tc-events/udstillingsaabning-for-aarskortholdere-gobelin-i-traad-med-tiden/" />
<meta property="og:site_name" content="Frederiksborg" />
<meta name="twitter:card" content="summary_large_image" />
<script type="application/ld+json" class="yoast-schema-graph">{"@context":"https:\/\/schema.org","@graph":[{"@type":"WebPage","@id":"https:\/\/frederiksborg.dk\/tc-events\/udstillingsaabning-for-aarskortholdere-gobelin-i-traad-med-tiden\/","url":"https:\/\/frederiksborg.dk\/tc-events\/udstillingsaabning-for-aarskortholdere-gobelin-i-traad-med-tiden\/","name":"Udstillingsåbning for årskortholdere - Gobelin - I tråd med tiden - Frederiksborg","isPartOf":{"@id":"https:\/\/frederiksborg.dk\/#website"},"datePublished":"2026-02-19T10:53:16+00:00","breadcrumb":{"@id":"https:\/\/frederiksborg.dk\/tc-events\/udstillingsaabning-for-aarskortholdere-gobelin-i-traad-med-tiden\/#breadcrumb"},"inLanguage":"en-US","potentialAction":[{"@type":"ReadAction","target":["https:\/\/frederiksborg.dk\/tc-events\/udstillingsaabning-for-aarskortholdere-gobelin-i-traad-med-tiden\/"]}]},{"@type":"BreadcrumbList","@id":"https:\/\/frederiksborg.dk\/tc-events\/udstillingsaabning-for-aarskortholdere-gobelin-i-traad-med-tiden\/#breadcrumb","itemListElement":[{"@type":"ListItem","position":1,"name":"Hjem","item":"https:\/\/frederiksborg.dk\/en\/"},{"@type":"ListItem","position":2,"name":"Events","item":"https:\/\/frederiksborg.dk\/tc-events\/"},{"@type":"ListItem","position":3,"name":"Udstillingsåbning for årskortholdere &#8211; Gobelin &#8211; I tråd med tiden"}]},{"@type":"WebSite","@id":"https:\/\/frederiksborg.dk\/#website","url":"https:\/\/frederiksborg.dk\/","name":"Frederiksborg","description":"Frederiksborg ∙ Nationalhistorisk Museum","potentialAction":[{"@type":"SearchAction","target":{"@type":"EntryPoint","urlTemplate":"https:\/\/frederiksborg.dk\/?s={search_term_string}"},"query-input":{"@type":"PropertyValueSpecification","valueRequired":true,"valueName":"search_term_string"}}],"inLanguage":"en-US"}]}</script>
<!-- / Yoast SEO plugin. -->

Udstillingsåbning for årskortholdere - Gobelin - I tråd med tiden - Frederiksborg
